{"id":112,"date":"2024-11-21T22:34:52","date_gmt":"2024-11-21T22:34:52","guid":{"rendered":"https:\/\/revoltons-nous.org\/?page_id=112"},"modified":"2025-04-18T16:51:09","modified_gmt":"2025-04-18T16:51:09","slug":"accueil","status":"publish","type":"page","link":"https:\/\/comitenouveaubresil.org\/","title":{"rendered":"Qu&rsquo;est-ce que le Comit\u00e9 Nouveau Br\u00e9sil ?"},"content":{"rendered":"\n<h2 class=\"wp-block-heading\"><em>Pour un Br\u00e9sil \u00e9mancip\u00e9 et d\u00e9mocratique, au service du peuple !<\/em><\/h2>\n\n\n\n<p>Le <strong>Comit\u00e9 Nouveau Br\u00e9sil<\/strong> est un rassemblement de d\u00e9mocrates et de r\u00e9volutionnaires en France qui s\u2019organisent pour d\u00e9fendre et faire conna\u00eetre les luttes populaires pour la d\u00e9mocratie au Br\u00e9sil.<\/p>\n\n\n\n<p>Alors que le Br\u00e9sil vit la pire crise \u00e9conomique, sociale et politique de son histoire, les attaques contre le peuple et les militants conscients sont quotidiennes. Loin du clich\u00e9 v\u00e9hicul\u00e9 ici en Europe sur les Br\u00e9siliens, le peuple est en mouvement et lutte au quotidien. Dans un chaos et une violence terrible, le peuple br\u00e9silien fait preuve d\u2019une grande bravoure en se dressant contre la r\u00e9action. Le poids des si\u00e8cles de domination coloniale, puis aujourd\u2019hui n\u00e9o-coloniale, p\u00e8se sur le br\u00e9sil comme un fardeau qui entrave le d\u00e9veloppement national. Les \u00c9tats-Unis, qui ont fait de l\u2019Am\u00e9rique Latine leur <em>pr\u00e9-carr\u00e9<\/em> \u00e0 la base de leur puissance, sont le principal ennemi du peuple br\u00e9silien. Les politiciens corrompus de droite, comme de la pseudo-gauche, qu\u2019ils se trouvent au pouvoir, ou dans \u00ab&nbsp;l\u2019opposition&nbsp;\u00bb, participent \u00e0 maintenir cette domination.<\/p>\n\n\n\n<p>Le Br\u00e9sil est domin\u00e9 par une alliance entre les capitalistes (li\u00e9s aux int\u00e9r\u00eats \u00e9trangers) et les propri\u00e9taires terriens. Des millions de Br\u00e9siliens n\u2019ont pas acc\u00e8s \u00e0 la terre et vont s\u2019entasser dans les favelas en p\u00e9riph\u00e9ries des m\u00e9tropoles tentaculaires et invivables. Ces paysans pauvres ou sans-terre sont aujourd\u2019hui le c\u0153ur du changement au Br\u00e9sil. Ils sont durement touch\u00e9s par le pouvoir, qui voit de nouveau pointer sa peur s\u00e9culaire : celle de l\u2019insurrection de l\u2019<em>interior<\/em>. Cette contradiction s\u00e9culaire entre la c\u00f4te et l\u2019int\u00e9rieur s\u2019aiguise de plus en plus et devient intenable.<\/p>\n\n\n\n<p>Dans les villes, les d\u00e9fenseurs des droits du peuple sont aussi victimes d\u2019assassinats, d\u2019intimidations de toutes sortes.<\/p>\n\n\n\n<p>Le <strong>Comit\u00e9 Nouveau Br\u00e9sil<\/strong> vise \u00e0 faire conna\u00eetre ce peuple et sa grande culture, d\u00e9fendre les luttes du peuple br\u00e9silien pour ses droits d\u00e9mocratiques et populaires, mais plus largement, il se mobilise pour l\u2019instauration d\u2019un r\u00e9gime de Nouvelle D\u00e9mocratie, seul \u00e0 m\u00eame de transformer \u00ab&nbsp;O Gigante&nbsp;\u00bb, d\u2019\u00e9manciper les masses, et de d\u00e9velopper la nation.<\/p>\n\n\n\n<p>Un br\u00e9sil v\u00e9ritablement d\u00e9mocratique d\u00e9barrass\u00e9 de la mainmise \u00e9trang\u00e8re bouleversera l\u2019Am\u00e9rique Latine et le monde.<\/p>\n\n\n\n<p><strong>Le Comit\u00e9 Nouveau Br\u00e9sil<\/strong><\/p>\n\n\n\n<figure class=\"wp-block-embed is-type-video is-provider-youtube wp-block-embed-youtube wp-embed-aspect-16-9 wp-has-aspect-ratio\"><div class=\"wp-block-embed__wrapper\">\n<iframe loading=\"lazy\" title=\"A Ca\u00e7ada - Liga dos Camponeses Pobres\" width=\"1110\" height=\"624\" src=\"https:\/\/www.youtube.com\/embed\/LJjf7GIlzSI?feature=oembed\" frameborder=\"0\" allow=\"accelerometer; autoplay; clipboard-write; encrypted-media; gyroscope; picture-in-picture; web-share\" referrerpolicy=\"strict-origin-when-cross-origin\" allowfullscreen><\/iframe>\n<\/div><\/figure>\n\n\n\n<p><em><strong>\u00ab\u00a0Nous jurons par le sang vers\u00e9 de nos camarades de la ferme de Santa Elina, de porter la lutte pour la terre, la d\u00e9mocratie, la justice et le travail jusqu&rsquo;\u00e0 la victoire finale, \u00e0 n&rsquo;importe quel prix.\u00a0\u00bb<\/strong><\/em><\/p>\n\n\n\n<p>Serment pr\u00eat\u00e9 par les r\u00e9sistants de la bataille de Santa Elina lors de la fondation du Movimento Campon\u00eas Corumbiara, \u00e0 Jaru, le 25 f\u00e9vrier 1996. Serment pr\u00eat\u00e9 par les continuateurs de la lutte de Santa Elina et les fondateurs de Ligue des Paysans Pauvres.<\/p>\n\n\n\n<p><\/p>\n","protected":false},"excerpt":{"rendered":"<p>Pour un Br\u00e9sil \u00e9mancip\u00e9 et d\u00e9mocratique, au service du peuple ! Le Comit\u00e9 Nouveau Br\u00e9sil est un rassemblement de d\u00e9mocrates et de r\u00e9volutionnaires en France qui s\u2019organisent pour d\u00e9fendre et&hellip; <\/p>\n","protected":false},"author":1,"featured_media":0,"parent":0,"menu_order":0,"comment_status":"closed","ping_status":"closed","template":"","meta":{"_themeisle_gutenberg_block_has_review":false,"footnotes":""},"class_list":["post-112","page","type-page","status-publish","hentry"],"_links":{"self":[{"href":"https:\/\/comitenouveaubresil.org\/index.php\/wp-json\/wp\/v2\/pages\/112","targetHints":{"allow":["GET"]}}],"collection":[{"href":"https:\/\/comitenouveaubresil.org\/index.php\/wp-json\/wp\/v2\/pages"}],"about":[{"href":"https:\/\/comitenouveaubresil.org\/index.php\/wp-json\/wp\/v2\/types\/page"}],"author":[{"embeddable":true,"href":"https:\/\/comitenouveaubresil.org\/index.php\/wp-json\/wp\/v2\/users\/1"}],"replies":[{"embeddable":true,"href":"https:\/\/comitenouveaubresil.org\/index.php\/wp-json\/wp\/v2\/comments?post=112"}],"version-history":[{"count":5,"href":"https:\/\/comitenouveaubresil.org\/index.php\/wp-json\/wp\/v2\/pages\/112\/revisions"}],"predecessor-version":[{"id":497,"href":"https:\/\/comitenouveaubresil.org\/index.php\/wp-json\/wp\/v2\/pages\/112\/revisions\/497"}],"wp:attachment":[{"href":"https:\/\/comitenouveaubresil.org\/index.php\/wp-json\/wp\/v2\/media?parent=112"}],"curies":[{"name":"wp","href":"https:\/\/api.w.org\/{rel}","templated":true}]}}

Qu&rsquo;est-ce que le Comité Nouveau Brésil ?

<h2 class="wp-block-heading"><em>Pour un Brésil émancipé et démocratique, au service du peuple !</em></h2>



<p>Le <strong>Comité Nouveau Brésil</strong> est un rassemblement de démocrates et de révolutionnaires en France qui s’organisent pour défendre et faire connaître les luttes populaires pour la démocratie au Brésil.</p>



<p>Alors que le Brésil vit la pire crise économique, sociale et politique de son histoire, les attaques contre le peuple et les militants conscients sont quotidiennes. Loin du cliché véhiculé ici en Europe sur les Brésiliens, le peuple est en mouvement et lutte au quotidien. Dans un chaos et une violence terrible, le peuple brésilien fait preuve d’une grande bravoure en se dressant contre la réaction. Le poids des siècles de domination coloniale, puis aujourd’hui néo-coloniale, pèse sur le brésil comme un fardeau qui entrave le développement national. Les États-Unis, qui ont fait de l’Amérique Latine leur <em>pré-carré</em> à la base de leur puissance, sont le principal ennemi du peuple brésilien. Les politiciens corrompus de droite, comme de la pseudo-gauche, qu’ils se trouvent au pouvoir, ou dans «&nbsp;l’opposition&nbsp;», participent à maintenir cette domination.</p>



<p>Le Brésil est dominé par une alliance entre les capitalistes (liés aux intérêts étrangers) et les propriétaires terriens. Des millions de Brésiliens n’ont pas accès à la terre et vont s’entasser dans les favelas en périphéries des métropoles tentaculaires et invivables. Ces paysans pauvres ou sans-terre sont aujourd’hui le cœur du changement au Brésil. Ils sont durement touchés par le pouvoir, qui voit de nouveau pointer sa peur séculaire : celle de l’insurrection de l’<em>interior</em>. Cette contradiction séculaire entre la côte et l’intérieur s’aiguise de plus en plus et devient intenable.</p>



<p>Dans les villes, les défenseurs des droits du peuple sont aussi victimes d’assassinats, d’intimidations de toutes sortes.</p>



<p>Le <strong>Comité Nouveau Brésil</strong> vise à faire connaître ce peuple et sa grande culture, défendre les luttes du peuple brésilien pour ses droits démocratiques et populaires, mais plus largement, il se mobilise pour l’instauration d’un régime de Nouvelle Démocratie, seul à même de transformer «&nbsp;O Gigante&nbsp;», d’émanciper les masses, et de développer la nation.</p>



<p>Un brésil véritablement démocratique débarrassé de la mainmise étrangère bouleversera l’Amérique Latine et le monde.</p>



<p><strong>Le Comité Nouveau Brésil</strong></p>



<figure class="wp-block-embed is-type-video is-provider-youtube wp-block-embed-youtube wp-embed-aspect-16-9 wp-has-aspect-ratio"><div class="wp-block-embed__wrapper">
<iframe loading="lazy" title="A Caçada - Liga dos Camponeses Pobres" width="1110" height="624" src="https://www.youtube.com/embed/LJjf7GIlzSI?feature=oembed" frameborder="0" allow="accelerometer; autoplay; clipboard-write; encrypted-media; gyroscope; picture-in-picture; web-share" referrerpolicy="strict-origin-when-cross-origin" allowfullscreen></iframe>
</div></figure>



<p><em><strong>« Nous jurons par le sang versé de nos camarades de la ferme de Santa Elina, de porter la lutte pour la terre, la démocratie, la justice et le travail jusqu&rsquo;à la victoire finale, à n&rsquo;importe quel prix. »</strong></em></p>



<p>Serment prêté par les résistants de la bataille de Santa Elina lors de la fondation du Movimento Camponês Corumbiara, à Jaru, le 25 février 1996. Serment prêté par les continuateurs de la lutte de Santa Elina et les fondateurs de Ligue des Paysans Pauvres.</p>



<p></p>

<p>Pour un Brésil émancipé et démocratique, au service du peuple ! Le Comité Nouveau Brésil est un rassemblement de démocrates et de révolutionnaires en France qui s’organisent pour défendre et&hellip; </p>
